089.
3, 23, 6581
List the prime factors of 224404.
2, 56101
List the prime factors of 26329772.
2, 7, 940349
What are the prime factors of 96018?
2, 3, 13, 1231
What are the prime factors of 1230193?
19, 64747
What are the prime factors of 17449870?
2, 5, 23, 75869
What are the prime factors of 385621?
385621
List the prime factors of 6162151.
53, 233, 499
List the prime factors of 3731761.
11, 30841
List the prime factors of 632197.
47, 13451
List the prime factors of 69688.
2, 31, 281
What are the prime factors of 7824481?
7, 41, 137, 199
List the prime factors of 226313.
226313
What are the prime factors of 5327296?
2, 13, 19, 337
What are the prime factors of 3812442?
2, 3, 31, 103, 199
List the prime factors of 9050318.
2, 929, 4871
List the prime factors of 357027.
3, 11, 31, 349
What are the prime factors of 97518?
2, 3, 16253
List the prime factors of 119573.
109, 1097
What are the prime factors of 129883?
13, 97, 103
List the prime factors of 3436183.
73, 103, 457
List the prime factors of 1718219.
1718219
What are the prime factors of 1270270?
2, 5, 59, 2153
List the prime factors of 2702572.
2, 675643
What are the prime factors of 291527?
401, 727
List the prime factors of 592938.
2, 3, 32941
List the prime factors of 495196.
2, 13, 89, 107
What are the prime factors of 1875867?
3, 7, 1823
What are the prime factors of 231500?
2, 5, 463
What are the prime factors of 165727?
103, 1609
List the prime factors of 17619940.
2, 5, 13, 401
What are the prime factors of 6108538?
2, 19, 160751
What are the prime factors of 100617?
3, 11, 3049
What are the prime factors of 8104046?
2, 179, 22637
List the prime factors of 1781082.
2, 3, 32983
What are the prime factors of 1001716?
2, 223, 1123
What are the prime factors of 1044609?
3, 29, 12007
List the prime factors of 600965.
5, 120193
List the prime factors of 1527238.
2, 763619
What are the prime factors of 256165?
5, 7, 13, 563
What are the prime factors of 5179326?
2, 3, 269, 3209
List the prime factors of 999877.
691, 1447
What are the prime factors of 1754450?
2, 5, 35089
What are the prime factors of 2265473?
7, 37, 8747
List the prime factors of 396895.
5, 79379
What are the prime factors of 9855020?
2, 5, 7, 70393
List the prime factors of 543421.
23, 23627
What are the prime factors of 3602706?
2, 3, 600451
List the prime factors of 4476106.
2, 2238053
What are the prime factors of 2572588?
2, 179, 3593
List the prime factors of 23173.
23173
What are the prime factors of 9236079?
3, 342077
List the prime factors of 1391116.
2, 347779
What are the prime factors of 479888?
2, 89, 337
What are the prime factors of 138851?
23, 6037
What are the prime factors of 1015546?
2, 7, 17, 251
List the prime factors of 5032220.
2, 5, 251611
List the prime factors of 634183.
11, 57653
What are the prime factors of 1660003?
421, 3943
List the prime factors of 6021189.
3, 223007
List the prime factors of 104942.
2, 137, 383
List the prime factors of 856370.
2, 5, 29, 2953
What are the prime factors of 2162699?
7, 11, 28087
List the prime factors of 661497.
3, 311, 709
List the prime factors of 2707829.
389, 6961
List the prime factors of 1020197.
53, 19249
What are the prime factors of 5296306?
2, 193, 13721
List the prime factors of 14536707.
3, 4845569
List the prime factors of 290059.
7, 11, 3767
What are the prime factors of 624007?
624007
List the prime factors of 702865.
5, 17, 8269
List the prime factors of 475645.
5, 251, 379
What are the prime factors of 230993?
7, 32999
List the prime factors of 29698934.
2, 23, 645629
What are the prime factors of 669560?
2, 5, 19, 881
List the prime factors of 6488739.
3, 720971
List the prime factors of 1589845.
5, 317969
What are the prime factors of 399648?
2, 3, 23, 181
List the prime factors of 892347.
3, 17, 17497
What are the prime factors of 1502661?
3, 500887
List the prime factors of 1035029.
191, 5419
List the prime factors of 271208.
2, 7, 29, 167
What are the prime factors of 279139?
7, 39877
List the prime factors of 557947.
13, 167, 257
What are the prime factors of 575653?
13, 44281
List the prime factors of 169294.
2, 47, 1801
What are the prime factors of 147988?
2, 36997
List the prime factors of 202440.
2, 3, 5, 7, 241
What are the prime factors of 274048?
2, 2141
What are the prime factors of 324798?
2, 3, 54133
List the prime factors of 33261148.
2, 47, 176921
List the prime factors of 3683597.
3683597
List the prime factors of 3788453.
3788453
List the prime factors of 30553522.
2, 17, 23, 89, 439
List the prime factors of 26155395.
3, 5, 7, 43, 1931
List the prime factors of 3856648.
2, 31, 15551
What are the prime factors of 189627?
3, 31, 2039
List the prime factors of 1557293.
37, 42089
List the prime factors of 160065.
3, 5, 3557
List the prime factors of 25330305.
3, 5, 7, 11, 13, 241
List the prime factors of 65106.
2, 3, 3617
List the prime factors of 59439.
3, 19813
List the prime factors of 6000051.
3, 67, 29851
List the prime factors of 294.
2, 3, 7
List the prime factors of 288970.
2, 5, 11, 37, 71
What are the prime factors of 13667506?
2, 47, 145399
What are the prime factors of 701577?
3, 137, 569
List the prime factors of 374163.
3, 124721
What are the prime factors of 7011295?
5, 599, 2341
What are the prime factors of 195904?
2, 3061
List the prime factors of 22645597.
13, 1741969
List the prime factors of 59931.
3, 6659
List the prime factors of 949450.
2, 5, 17, 1117
What are the prime factors of 4458368?
2, 61, 571
List the prime factors of 676808.
2, 11, 7691
List the prime factors of 1233748.
2, 308437
List the prime factors of 6964965.
3, 5, 7, 22111
What are the prime factors of 77413?
7, 11059
List the prime factors of 12156463.
11, 149, 7417
List the prime factors of 14205.
3, 5, 947
What are the prime factors of 9258196?
2, 809, 2861
List the prime factors of 257615.
5, 67, 769
List the prime factors of 337889.
71, 4759
List the prime factors of 2630768.
2, 7, 83, 283
What are the prime factors of 5803473?
3, 13, 67, 2221
List the prime factors of 238282.
2, 11, 10831
List the prime factors of 39431077.
7, 109, 51679
List the prime factors of 259391.
11, 23581
What are the prime factors of 2258553?
3, 11, 89, 769
What are the prime factors of 96295?
5, 19259
List the prime factors of 82061.
7, 19, 617
List the prime factors of 7097635.
5, 1419527
What are the prime factors of 271780?
2, 5, 107, 127
List the prime factors of 2543004.
2, 3, 70639
List the prime factors of 255785.
5, 51157
What are the prime factors of 40726840?
2, 5, 7, 11, 1889
What are the prime factors of 2549718?
2, 3, 15739
List the prime factors of 3875.
5, 31
What are the prime factors of 1062142?
2, 531071
List the prime factors of 12636229.
12636229
List the prime factors of 324132.
2, 3, 27011
What are the prime factors of 121836?
2, 3, 11, 13, 71
What are the prime factors of 160785?
3, 5, 397
What are the prime factors of 335216?
2, 7, 41, 73
List the prime factors of 11074794.
2, 3, 61, 30259
What are the prime factors of 218565?
3, 5, 1619
List the prime factors of 6298326.
2, 3, 349907
List the prime factors of 3552988.
2, 888247
List the prime factors of 258014.
2, 23, 71, 79
What are the prime factors of 4329414?
2, 3, 61, 3943
What are the prime factors of 208671?
3, 69557
List the prime factors of 4304332.
2, 17, 63299
List the prime factors of 4180625.
5, 6689
What are the prime factors of 29243?
29243
List the prime factors of 2911549.
2911549
List the prime factors of 40639520.
2, 5, 17, 67, 223
What are the prime factors of 721382?
2, 373, 967
What are the prime factors of 8303945?
5, 13, 43, 2971
What are the prime factors of 327787?
29, 89, 127
What are the prime factors of 1842286?
2, 921143
List the prime factors of 208633.
23, 47, 193
List the prime factors of 3475135.
5, 811, 857
List the prime factors of 468826.
2, 17, 13789
List the prime factors of 385776.
2, 3, 19, 47
List the prime factors of 350495.
5, 70099
What are the prime factors of 13282836?
2, 3, 7, 158129
List the prime factors of 1744080.
2, 3, 5, 13, 43
What are the prime factors of 290223?
3, 3583
List the prime factors of 573963.
3, 13, 14717
What are the prime factors of 3176539?
31, 43, 2383
What are the prime factors of 183382?
2, 916